{"id":2412,"date":"2012-07-31T15:07:21","date_gmt":"2012-07-31T13:07:21","guid":{"rendered":"http:\/\/historikerkraus.de\/blog\/?page_id=2412"},"modified":"2012-07-31T16:03:49","modified_gmt":"2012-07-31T14:03:49","slug":"e-books","status":"publish","type":"page","link":"http:\/\/historikerkraus.de\/blog\/eine-seite\/e-books\/","title":{"rendered":"E-Books"},"content":{"rendered":"<p>E-Books sind ein wachsender B\u00fcchermarkt. Immer mehr Buchtitel erscheinen inzwischen zeitgleich als klassische Papierb\u00fccher und als elektronische B\u00fccher f\u00fcr PC, Smart- oder I-Phone, Tablet oder spezialisierte E-Book-Reader. Oftmals sind die elektronischen Ausgaben auch etwas preiswerter als ihre papiernen Geschwister, da ja Material-, Druck- und Lagerkosten entfallen. Auch der Transport geschieht elektronisch nat\u00fcrlich viel preiswerter als \u00fcber den klassischen Versandweg.<\/p>\n<p>Welche Bedeutung haben E-Books f\u00fcr den &#8222;Geschichtsbetrieb&#8220;? Welche M\u00f6glichkeiten bieten sich? Gibt es interessante Neuerscheinungen auf dem E-Book-Markt?<\/p>\n<p>All dies wird k\u00fcnftig in den Beitr\u00e4gen des Blogs eine Rolle spielen. Diese wird man hier auf dieser Unterseite gezielt abrufen k\u00f6nnen.<\/p>\n<p>Viel Spa\u00df.<\/p>\n<h2>Beitr\u00e4ge zum Thema E-Books<\/h2>\n","protected":false},"excerpt":{"rendered":"<p>E-Books sind ein wachsender B\u00fcchermarkt. Immer mehr Buchtitel erscheinen inzwischen zeitgleich als klassische Papierb\u00fccher und als elektronische B\u00fccher f\u00fcr PC, Smart- oder I-Phone, Tablet oder spezialisierte E-Book-Reader. Oftmals sind die elektronischen Ausgaben auch etwas preiswerter als ihre papiernen Geschwister, da ja Material-, Druck- und Lagerkosten entfallen. Auch der Transport geschieht &#8230;<\/p>\n","protected":false},"author":10,"featured_media":0,"parent":2,"menu_order":0,"comment_status":"open","ping_status":"open","template":"","meta":{"footnotes":""},"class_list":["post-2412","page","type-page","status-publish","hentry"],"aioseo_notices":[],"_links":{"self":[{"href":"http:\/\/historikerkraus.de\/blog\/wp-json\/wp\/v2\/pages\/2412","targetHints":{"allow":["GET"]}}],"collection":[{"href":"http:\/\/historikerkraus.de\/blog\/wp-json\/wp\/v2\/pages"}],"about":[{"href":"http:\/\/historikerkraus.de\/blog\/wp-json\/wp\/v2\/types\/page"}],"author":[{"embeddable":true,"href":"http:\/\/historikerkraus.de\/blog\/wp-json\/wp\/v2\/users\/10"}],"replies":[{"embeddable":true,"href":"http:\/\/historikerkraus.de\/blog\/wp-json\/wp\/v2\/comments?post=2412"}],"version-history":[{"count":5,"href":"http:\/\/historikerkraus.de\/blog\/wp-json\/wp\/v2\/pages\/2412\/revisions"}],"predecessor-version":[{"id":2417,"href":"http:\/\/historikerkraus.de\/blog\/wp-json\/wp\/v2\/pages\/2412\/revisions\/2417"}],"up":[{"embeddable":true,"href":"http:\/\/historikerkraus.de\/blog\/wp-json\/wp\/v2\/pages\/2"}],"wp:attachment":[{"href":"http:\/\/historikerkraus.de\/blog\/wp-json\/wp\/v2\/media?parent=2412"}],"curies":[{"name":"wp","href":"https:\/\/api.w.org\/{rel}","templated":true}]}}